3/m*-3). Let j = 45 - y. Is j a composite number?
False
Is 114/76*1394/3 a prime number?
False
Let a(c) = 3*c + 18. Let t be a(-6). Suppose -5*d - 3*p + 1987 = t, -5*p = 2*d + 3*d - 1995. Is d a composite number?
True
Let s = -3795 - -9050. Is s a composite number?
True
Suppose -3*b = -0*b. Suppose b = 2*g + 2*g - 844. Is g a composite number?
False
Suppose 12*d - 185857 + 27085 = 0. Is d a prime number?
False
Suppose 3*y - 14274 + 4971 = -4*i, -3*i = 5*y - 15494. Is y prime?
False
Let v be ((-23)/2)/(5/10). Let g = 155 + -65. Let d = v + g. Is d composite?
False
Suppose 0*u - 2*t = -u + 3, -6 = -2*u - 2*t. Let g be 1/(1 - 15/20). Suppose u*f = -o + 879, g*f - 4*o - 1172 = -0*f. Is f a prime number?
True
Let o = 10 + -8. Let j(k) = -k - k**3 - k + 31 + o*k - k**2 + k. Is j(0) a prime number?
True
Let y = -1986 + 3301. Suppose 20 - y = -5*t. Is t composite?
True
Is (-4 + (-5 - -47))/(6/3687) composite?
True
Suppose 0*y = 3*y - 108. Suppose 3*i = y - 6. Is i a composite number?
True
Suppose -27*k - 15 = -32*k. Is (-8020)/(-14) - k*(-3)/63 a prime number?
False
Let b(k) = -k**2 + 9*k + 8. Let m be b(8). Suppose -2*r + 36 = 2*r - 4*f, 2*r - f = m. Let l(v) = 2*v**3 - 8*v**2 + 6*v - 13. Is l(r) a composite number?
True
Let z = 1455 - 438. Let x(i) = 224*i + 2. Let m be x(-3). Let s = z + m. Is s a prime number?
True
Let m(n) = -n**2 + 10*n + 21. Let f be m(10). Let y be (16/14)/(6/f). Suppose -g + y*g = 333. Is g composite?
True
Suppose 0 = 3*z - 4*p - 54795, -4*z - 2*p = -2*z - 36544. Is z prime?
True
Let k(f) = 30*f**2 - 2*f - 7. Suppose -5 + 0 = 5*y, 3*y + 12 = 3*n. Is k(n) a composite number?
False
Let q be ((-1142)/(-6) + (-16)/(-24))*15. Suppose 5300 = 5*z - q. Is z composite?
True
Let n(l) = 8*l + 1. Let a be n(3). Let r = a - 23. Suppose 2*t - 144 = 4*i, r*i - i = -5. Is t a prime number?
False
Let b be -21*(-8)/(-24) + 4/2. Let s(z) = 7*z**2 + 9*z + 1. Is s(b) a composite number?
False
Suppose 2*p + 7606 = 4*g, 0 = 4*g + 5*p - 12167 + 4540. Is g a composite number?
True
Suppose -5*i = -i - 72. Let b = 1667 + i. Is b composite?
True
Let b be (3/(-2))/(1/2). Let r(d) = -4*d - d + 14 + 17 - 27. Is r(b) a prime number?
True
Is 108825/35 - (-9 + (-455)/(-49)) composite?
False
Let d = -2 - -9. Suppose -k + d = 5. Is 5 - -4 - k/(-2) a prime number?
False
Let t(l) = 45*l**2 + 16*l - 23. Is t(6) composite?
False
Suppose -d - 4516 = -40313. Is d a prime number?
True
Let d = 13348 + -7121. Is d prime?
False
Let s(g) = 83*g - 2. Suppose -3*b - 1 = m, 0*m + 4*m - 26 = 3*b. Is s(m) a composite number?
True
Suppose 0 = -15*k + 9*k + 1266. Is k prime?
True
Let i(c) = -4*c**3 + 2*c**2 - 3*c + 7. Let w be i(-5). Suppose 111 = -3*p + 2*q + 540, 4*p = 5*q + w. Is p prime?
False
Suppose 12 = -3*t - 6. Is (507/t)/((-5)/10) a prime number?
False
Let z(p) = 1752*p**2 - p. Let y be (0 + -1*(-3)/(-6))*2. Is z(y) a composite number?
False
Suppose 4*c + 0*c - 56 = 4*s, 0 = -s - 5*c - 32. Let v = s - -24. Suppose 0 = -2*h - y + 2515, 4*h - 4995 = -2*y + v*y. Is h composite?
True
Suppose -112*u + 10 = -117*u. Is (0 - -4)/u - (-156 + -3) a prime number?
True
Is -3*(-24)/(-36)*(-19022)/4 a prime number?
True
Suppose -5*h + 24 = -7*h. Is ((-142)/(-4))/(h/(-24)) composite?
False
Suppose -8*h = 34 - 2. Is 202 - h/16*-4 a composite number?
True
Let x(d) = 89*d**2 - 4*d + 29. Is x(-12) composite?
False
Let b(w) = 20*w - 22. Let d be b(11). Suppose -356 = -v + d. Is v composite?
True
Suppose 39*r - 15972 = 75015. Is r prime?
True
Let y(n) = 223*n**2 + 4*n - 11. Let z be y(2). Let g = z - 596. Is g composite?
False
Let r = -34870 + 83961. Is r composite?
True
Let c(x) = x + 4. Suppose -4*f + 3*f + 4 = 0. Let g be c(f). Suppose 0 = -g*t + 7*t + 79. Is t a prime number?
True
Suppose u = -664 - 30. Let f = -329 - u. Is f prime?
False
Let p be 444/9*3/2. Suppose -66 = -4*u + p. Is u a prime number?
False
Suppose 13*h - 11980 = 9*h. Is h a prime number?
False
Suppose -1 + 6 = n. Let u(s) = 3 + 13*s + n - 6*s. Is u(5) a prime number?
True
Let v(g) be the third derivative of -13/24*g**4 - 5*g**2 + 0*g - 1/60*g**5 + 0 - 13/6*g**3. Is v(-11) prime?
False
Is 998/((-3)/(159/(-2))*1) prime?
False
Is (-3)/24*-250626*260/195 a composite number?
False
Let m = 1114 + -75. Is m a prime number?
True
Let v = -32775 - -75667. Suppose -21*d - v = -25*d. Is d a composite number?
False
Let y = -28810 - -40487. Is y composite?
False
Let b = -927 - -172. Let z = -276 - b. Is z composite?
False
Let s = -228 - -489. Suppose 3*p + 87 = s. Is p a composite number?
True
Suppose 69 = -5*r - g, -2*r + 2*g + 13 - 43 = 0. Let m = r - -18. Suppose -t - 32 = -i, -7*i + 2*i - m*t + 205 = 0. Is i a prime number?
True
Suppose 5*q - 409199 = v, -157417 - 6277 = -2*q + 4*v. Is q a prime number?
True
Let u(v) be the third derivative of 23*v**6/15 - v**5/30 + v**4/24 + v**2. Suppose 0 = -f + 1 - 0. Is u(f) a prime number?
False
Is 34/153 - (-3747)/27 composite?
False
Let j(p) = 19*p**2 + 5*p + 13. Is j(-6) a prime number?
False
Suppose 0 = z - 4*u + 655, 0*z = -z - 4*u - 663. Let h = z - -1396. Is h prime?
False
Let b(o) = -24*o - 125. Is b(-16) composite?
True
Let j(d) = -d - 1. Let b be (-13)/11 + 10/55. Let q be j(b). Suppose -2*h - 2*a + 570 = q, 0*a - 576 = -2*h + a. Is h composite?
True
Let x(f) = 6*f**2 - 5*f + 5. Let j(l) = l - 12. Let t be j(4). Let k be x(t). Suppose -3*b + 0*b + k = 0. Is b composite?
True
Is (-14)/(-12) + (-9)/54 - -3456 a composite number?
False
Let i(y) = -y**3 - 11*y**2 - 4*y + 11. Let w be i(-9). Let b be (21 - 0)/(2/4). Let o = b - w. Is o a prime number?
True
Suppose -3*q + 6 = -3. Suppose 1002 = q*u - 2*f, 0 = 2*u + 5*f - 415 - 253. Is u prime?
False
Let n(z) be the third derivative of 589*z**6/720 - z**5/60 + z**4/3 + 7*z**2. Let p(d) be the second derivative of n(d). Is p(1) a composite number?
False
Suppose 2 = a - 3, -3*m - 4*a + 4742 = 0. Is m a composite number?
True
Let b be 38/6 - (-10)/15. Let d(u) = -u**3 + 12*u**2 - 5*u - 2. Let f be d(b). Is f/(-24)*6/(-4) composite?
False
Suppose 5*t - 3*o - 54641 = 0, 0*o + 2*o + 43714 = 4*t. Suppose -3*u + 5*j + t = 0, 3*u + j - 18734 = -7834. Is u composite?
True
Let w(o) = 17*o**3 + 2*o**2 + 3*o + 1. Let b be w(-2). Let q be 252 + (0 - -1 - -1). Let i = q + b. Is i a prime number?
False
Let w = -25 - -29. Suppose w*a - 776 = -4*a. Is a a prime number?
True
Suppose -513 - 4166 = -k. Is k prime?
True
Let b(a) = -a**3 + 5*a**2 - a - 5. Let c be b(4). Let s(j) = j - 3. Let d be s(c). Suppose 0 = 6*r - d*r - 614. Is r composite?
False
Suppose -10*b = -15089 - 23361. Is b prime?
False
Let w(n) = -n**3 - 18*n**2 - 16*n - 37. Let p be w(-15). Let s = 1215 - p. Is s a composite number?
True
Let w be (-4)/(-24) + 23165/(-30). Let y = -359 - w. Is y a composite number?
True
Is (7/2)/(((-2)/(-13196))/1) a composite number?
True
Is (-3)/6 - -278*(-19149)/(-52) composite?
True
Suppose 13*b = 455 + 5200. Let d(v) = -v**3 + 6*v**2 - v + 8. Let k be d(6). Suppose j + k*j = b. Is j a composite number?
True
Let t(p) = -p + 32. Let x be t(24). Suppose -x*r = 2*r - 950. Is r a composite number?
True
Suppose -2*f - 12 + 4 = 0, c + 12 = -3*f. Suppose o - 1153 - 2668 = c. Is o composite?
False
Suppose -4*a = 3*m - 18, -m - 7*a + 11 = -4*a. Suppose -375 = -m*g + 55. Is g prime?
False
Let q(i) = i**2 - 3. Let r be q(0). Let k be 6/(-9) - (-28)/r. Let m(o) = -o**3 - 6*o**2 + 16*o + 13. Is m(k) prime?
False
Let h(s) = s**2 - 6*s - 4. Let d be h(6). Is ((-6)/d)/((-21)/(-57554)) prime?
True
Let z be (-298 - 0)*(-6)/3. Is 3*z/24*10 a composite number?
True
Let s be 1/2*54/9. Suppose 4*j - 665 = -s*j. Is j a prime number?
False
Let g(l) = l**3 + 8*l**2 + 4*l - 13. Let m(d) = -d**3 + 6*d**2 + 8*d - 13. Let k be m(7). Is g(k) composite?
True
Is -7 + 5 + 627 + 6 prime?
True
Suppose 4*u - 31613 = 5*m, 3*u = 17*m - 22*m + 23736. Is u a composite number?
False
Suppose 0 = -3*i + 2*i - 4*x + 10, -4*i + 5*x - 2 = 0. Suppose 0*w = -i*w. Suppose z = y + 5*z - 109, w = y - z - 84. Is y composite?
False
Suppose -103*p - 53576 = -111*p. Is p prime?
False
Let x(k) = -2*k**3 + 3*k**2 - 2. Let l be x(2). Let c = l + 10. Is -1 + c + 7 + 59 prime?
False
Let q = 20 - 17. Suppose -5*x + q*x = -10. Suppose 592 = x*a + y, -3*a = -2*y - 99 - 251. Is a a prime number?
False
Let h = -1